-4
Let y be 8/2*(-2)/8 + 5. Suppose 0 = 2*j - k - y + 2, 5*j + 3*k - 16 = 0. Let l(t) = 2 - 14*t**2 + 18*t**2 + t**3 - j*t**3. Determine l(3).
11
Let c(j) = 5*j + 179. Suppose 3*d + i + 95 = 0, -4*d - 22*i - 120 = -24*i. What is c(d)?
24
Let b = 1997 - 1993. Let s be (1/2)/((-1)/(-32)). Let k(d) = 0 + d - 7 + s - b. Determine k(0).
5
Let h(t) = -t**2 - 5*t - 11. Let k be ((-2)/(-4))/(15/(-3 + -237)). What is h(k)?
-35
Let d(l) = l + 3. Let u be 0/(-2)*(2 - 3) - -4. Suppose 5*t + 0*c - 115 = c, u*c - 2 = -t. Suppose t = -2*a + 12. Calculate d(a).
-2
Let k(o) = -5*o - 3. Let c = -506 - -517. Suppose 13 = -v + 5*j - 15, -c = -3*v - 4*j. Give k(v).
12
Let t(g) = -4*g**2 - 2*g + 1. Suppose 19*l + 2 = m + 16*l, 18 = -5*m + l. What is t(m)?
-55
Let v = -539 - -538. Let q be (v/(-8) + 345/120)*-1. Let l(a) be the third derivative of a**6/120 + a**5/15 + a**4/24 - 2*a**3/3 + 2*a**2. What is l(q)?
2
Let l(u) = u**2 + 34*u + 106. Let w(j) = j**2 - 28*j - 274. Let h be w(35). Give l(h).
-39
Let i(u) = -12 - 82*u + 21*u + 66*u - 4*u**2 - 5 - u**3. What is i(-5)?
-17
Suppose 0 = 13*k - 36 - 42. Let j(r) = -11*r - 24 + k*r + 6*r + 0*r. Calculate j(0).
-24
Let v(r) = -r + 5*r**2 - 1 + 0 + 0. Let f = -77 + 77. Suppose -3*k - 6 = 0, f = -3*i + 3*k - 0*k + 3. Determine v(i).
5
Suppose -76*c + 61*c + 225 = 0. Let r(d) = c*d**2 - d + 22 - 7*d**2 - d**3 + 4*d + 8*d**2 - 4*d. Determine r(16).
6
Suppose -2*w + 31 = -3*l + 38, w = -2*l - 7. Let a be (-18)/(-27)*9*1*l. Let x(q) = q**2 + 6*q + 2. Calculate x(a).
2
Let w(d) = -3*d - 7. Let r be (-6 - (-33)/6)/(1/50). Let a = -28 - r. Let z be w(a). Let p(m) = -3*m + 2. What is p(z)?
-4
Let n(g) = -25 - 11 - 22*g - 14 - 25 + 31. What is n(-2)?
0
Let b(q) be the first derivative of 4*q**2 + q - 2. Let t(c) = 3*c**3 + c**2 - 5*c - 2. Let v be t(-2). Let n be (2/(-3))/(4/v). Determine b(n).
17
Let k be (18/(-12) - 1) + (5 - 0). Let j(x) be the second derivative of k*x**2 + x**3 + 0 - 13*x + 1/12*x**4. Give j(-5).
0
Let h(g) be the first derivative of 5*g**3/3 + 5*g**2/2 + 3*g - 5. Suppose 4*k - 5*n - 26 = -43, 0 = -k - 4*n + 1. Give h(k).
33
Let u(a) = -5*a**2 + 107588 + 5*a**2 + 6*a - 10*a**2 - 107587. Calculate u(2).
-27
Let k(f) be the first derivative of -f**4/2 + 2*f**3/3 + f**2 + 5281. Let u(p) = -2*p - 5. Let d be u(-4). Calculate k(d).
-30
Let l(q) be the second derivative of 7*q**3/6 - 19*q**2/2 - 2*q - 7. Let i(t) = -3*t + 8. Let c(r) = -5*i(r) - 2*l(r). Let n = -6 + 9. Calculate c(n).
1
Let d(n) = -15*n + 223. Let v be (6/40 - (-8)/(-20)) + 1525/100. What is d(v)?
-2
Let k(s) = 0*s**2 + 5*s**2 - 30*s - 143 + 9*s - 4*s**2 + 37*s. What is k(6)?
-11
Let g = 265 - 246. Suppose 4*d - 43 = -5*q, -5*q + 20*d + 33 = g*d. Let x(n) = -n**2 + 8*n + 1. Give x(q).
8
Let h(a) = -2*a + 5. Suppose -84 = -20*g + 16. Suppose -g*n + 19 = t, 2*n + 0*n - 16 = t. What is h(t)?
17
Let f = -22 + 18. Let a be 50/20*f/(-5). Let r(n) = -5 + 3 - n + 1 - 2*n. What is r(a)?
-7
Let k(p) = -2*p**2 + 9*p + 146. Let m(l) = -1252*l + 1263. Let j be m(1). Determine k(j).
3
Let c(q) = 258745*q**2 + 1 + q**3 + 1 - 258739*q**2 + 4*q. Let l be -1*3/2*4. Give c(l).
-22
Let t(k) be the second derivative of k**3/6 - 11*k**2/2 - 497*k. What is t(10)?
-1
Let w be (-13)/(260/(-24)) + 387/215. Let y(t) be the first derivative of 3/2*t**2 + 33 + 1/3*t**w - 7*t. What is y(-7)?
21
Let j(o) = 2*o**3 - 4*o**2 + 5*o. Suppose 11*w - 12*w + 7 = 6*w. Calculate j(w).
3
Let i(w) = -6*w. Suppose -4*l + 56 = 4*d, -2*l + 3 = -1. Suppose -6*z = d*z + 18. Calculate i(z).
6
Suppose 0 = -2*x - 6, 28 = -50*q + 49*q - 3*x. Let v(m) = -10*m - 180. Determine v(q).
10
Let p(y) be the second derivative of 0 - 3/2*y**2 - 1/2*y**3 - 2*y - 1/12*y**4. Let j be p(-3). Let r(s) = -2*s**2 - 4*s. Determine r(j).
-6
Let h(k) = 3*k**2 + 32*k - 15. Let t(c) = 3*c**2 + 27*c - 14. Let q(g) = -4*h(g) + 5*t(g). Give q(-7).
88
Suppose -222 = 8*n - 254. Let j(q) = -3 + 5 - 3 + 6*q - 3. Give j(n).
20
Suppose -393 + 2724 = 7*a. Let g(s) = -338 + 4*s + 672 - a. What is g(2)?
9
Let f(z) = -z**3 + 3*z**2 + 2*z + 1. Suppose -2*y - 2*y = -24. Suppose -154 = -y*m + 134. Suppose m*p = 51*p - 9. Calculate f(p).
7
Suppose 12*u = 11*u + 1. Let o(c) = c. Let t(d) = -d**2 + 5*d + 1. Let h(n) = u*t(n) - 2*o(n). Let l be 10/(-35) + 4 - 2/(-7). Determine h(l).
-3
Suppose 5*i + 25 = 0, 2*l + 4*i = 38 + 18. Suppose 2*z + l = 2*m + 8, -2*z - 2 = 5*m. Let w(u) = -u**2 - 11*u + 7. Determine w(z).
7
Let i(x) = -x**2 + 11*x. Let c(d) = 76*d**2 - 3*d - 1. Let v be c(-1). Let w = -69 + v. What is i(w)?
18
Let l(a) be the first derivative of a**3/3 - a**2 - 27*a + 1895. Determine l(-4).
-3
Let p(q) be the second derivative of q**5/20 - 5*q**4/6 + 3*q**3/2 + 13*q**2/2 + 2932*q. Determine p(9).
13
Let y(z) = -4*z + 4. Let s(h) = -15*h + 6. Let n(m) = 23*m - 9. Let t(l) = -5*n(l) - 8*s(l). Let j = 766 - 771. Let o(r) = j*t(r) - 6*y(r). Determine o(-4).
-5
Let k = -1713 + 1689. Let p(w) = w**2 + 20*w - 95. Determine p(k).
1
Suppose 0 = -2*j - 4 - 8. Suppose 0 = -5*a + p + 29, 3*p + 22 = a + a. Let k(q) = 4*q - 13*q + q - 8 + a*q. What is k(j)?
10
Suppose -5*z + 15 = 0, -924 = -3*l - 5*z - 900. Let a(k) = 3 + 3*k - 4*k - 2*k - k. What is a(l)?
-9
Let m(p) = 330*p - 4. Let x be m(0). Let s be 40/4*(-1)/(-2). Let i(h) = 2 - 2*h - s - 2. Give i(x).
3
Let i(l) = -2*l**2 + 17*l - 2. Let h(j) = 88*j - 5798. Let y be h(66). What is i(y)?
-32
Let a(r) = -26*r + 4 - 14 - 7*r - r**2 - 46 + 20. Calculate a(-32).
-4
Let l(f) = f**3 - f**2 + 2. Let t(m) = -171*m**2 - 4*m - 5. Let a be t(-1). Let h = 174 + a. Calculate l(h).
6
Let c(s) = -s**3 + s**2 + s - 1. Let r(b) = -1 - 4 + 0 + 0 + 6*b**2 + 4*b - 8*b**3. Let o(a) = -5*c(a) + r(a). Suppose 5 = 10*p - 5*p. Give o(p).
-3
Let q(u) = 1 + 3*u + 9 + 16. Let r(o) = 4*o + 28. Let s(f) = 5*q(f) - 4*r(f). Determine s(8).
10
Let r(m) = 2*m - 31. Let z(t) = 159*t - 4589. Let o be z(29). Determine r(o).
13
Let j(d) = -5*d**3 + 16*d**2 - 94*d. Let a(v) = -6*v**3 + 19*v**2 - 93*v - 1. Let o(n) = -6*a(n) + 7*j(n). What is o(11)?
-5
Let u(w) = w**2 + 10*w - 6. Let o(r) = 4*r**2 + 8*r + 16. Let v be o(-4). Let d be v/56*(0 - 7). Calculate u(d).
-30
Let z(n) = -n**2 + 14*n + 13. Suppose 15 = 10*l - 5*l, -2*l = 4*m - 62. Let o be z(m). Let v(k) = -k**2 + 14*k - 15. Calculate v(o).
-2
Let h(y) = -2*y**3 + 41*y**2 + 17*y + 87. Let p be h(21). Let g(t) = 4 - 2 - p*t + 0*t + 1 + 2. What is g(-8)?
29
Let g(a) be the first derivative of -a**5/60 - a**4/6 + 81*a**2/2 - 68. Let n(j) be the second derivative of g(j). Let i be 0 + (3 + 0)*1. Calculate n(i).
-21
Let k(s) be the second derivative of 0 + 0*s**2 - 1/12*s**4 + 1/2*s**3 + s. Suppose 3 + 5 = 4*d. Determine k(d).
2
Let i be (-3 - -5 - 3) + 15. Suppose -5*s - 3*y = 14, -3*y + 2 = 3*s + i. Let b(h) be the second derivative of -h**3/3 + 2*h + 23. What is b(s)?
2
Let k(v) be the second derivative of v**4/6 - 31*v**3/6 - v**2/2 - 7*v + 23. Give k(15).
-16
Let k(z) = z**3 - 6*z**2 + 4*z - 1. Suppose 75*m = 299*m - 1120. Give k(m).
-6
Let n(m) = -3*m - 7. Let d = 293 - 270. Suppose -5*u - d = -2*c, 0 = -4*c - 4. Determine n(u).
8
Let q(i) be the second derivative of i**4/12 + 7*i**3/6 + i**2/2 - i. Let u be (-12)/28 + 20/(-35). Let y(z) = -6*z**2 + 9*z + 10. Let v be y(u). What is q(v)?
-9
Let a(m) = m**3 + 13*m**2 + 10*m - 24. Suppose -8*s - 5*y = -12*s - 83, s = -3*y + 9. Determine a(s).
0
Let y(q) be the third derivative of 5*q**4/24 - 2*q**3 - 100*q**2 - 4*q. Calculate y(8).
28
Suppose 26*j - 28*j = -18. Suppose 0 = j*v + 76 - 4. Let w(f) = -f**2 - 6*f - 5. Give w(v).
-21
Let c(r) = -7*r - 2. Let t(g) = -2*g. Let n(y) = -2*c(y) + 6*t(y). Let w be n(-3). Let l be (-28)/4 - (w + 2). Let h(q) = -q**2 - 7*q + 6. Give h(l).
6
Let w(k) = -42*k**2 + 4*k - 7. Let n(m) = 63*m**2 - 6*m + 11. Let g(o) = 5*n(o) + 8*w(o). Suppose -70 - 47 = -387211*t + 387094*t. What is g(t)?
-20
Let j(d) = d**3 + 6*d**2 - 10*d + 1. Let r be (1/(-3))/(((-4)/(-30))/((-1296)/(-405))). Give j(r).
-47
Let y(w) be the third derivative of w**4/4 - 22*w**3/3 - 1504*w**2. Calculate y(7).
-2
Let p(o) = -18 - o**2 + 40*o + 27 + 21 + 14 - 29. Give p(40).
15
Let d(c) = c**2 - 5*c - 5. Let m be (0 - (-5)/(-15))*-84. Suppose 0 = -6*s + 10*s - m. Suppose s = -b + 14. Determine d(b).
9
Let x(v) be the sec